e 2*(6/r + 3). Let u be 38/4*6 - x. What is the greatest common divisor of 6 and u?
6
Let f be 3/12 - (-259)/4. Suppose 2*t + t = -4*q + 265, q = -t + f. What is the greatest common factor of 10 and q?
10
Let i be (-2)/(-3) - (-14)/6. Suppose 4 = h + i. What is the greatest common factor of h and 8?
1
Let u = 70 - 50. Let t = 433 + -213. Calculate the greatest common factor of t and u.
20
Suppose 5*s + 1540 = 5*n, -4*s = 2*n - 3*n + 305. Let q = 69 + n. Let j = q - 226. Calculate the highest common divisor of 19 and j.
19
Let a be (-1 + 2)*(-2 + 3). Let b(f) = 5*f - 1. Let t be b(a). Suppose 0 = 2*k - 0*k - 8. What is the greatest common divisor of t and k?
4
Let u = 5 - 1. Suppose 0 = u*s - 5*s, s + 60 = 2*t. Suppose -8 = -4*h + 4*p, 5*h = -p + 2*p + t. What is the greatest common factor of h and 21?
7
Suppose 3*p + 46 = 310. Let h = p - 52. What is the highest common factor of h and 90?
18
Let n = 425 - 227. What is the greatest common divisor of 22 and n?
22
Suppose 0 = 5*v + m - 5, -4*v - m = -4*m - 4. Let w be v/(6/(-9))*-66. Calculate the greatest common factor of w and 11.
11
Let r = 2 + 0. Suppose 4*h + 2*t - 166 = 0, -r*t = 6*h - h - 210. Let c be h/3 - (-3)/9. What is the highest common factor of 6 and c?
3
Let s(r) = r**2 - 5*r - 10. Let o(x) = -x**3 - 9*x**2 - 6. Let q be o(-9). Let w be s(q). Calculate the highest common divisor of 8 and w.
8
Suppose 3*s + 60 = 5*s. Calculate the greatest common divisor of 18 and s.
6
Let f be (-1632)/(-21) + (-4)/(-14). Let c be ((-5)/(-15))/(2/f). Calculate the highest common divisor of c and 65.
13
Let f(t) be the second derivative of t**4/3 - t**3/6 - t**2/2 - t. Let y be f(-1). What is the greatest common divisor of 28 and y?
4
Let o = -330 + 465. Calculate the highest common divisor of 18 and o.
9
Let l(g) = g**2 - g - 6. Let k = 9 + -5. Suppose -3*s + 19 = k. Let q be l(s). Calculate the greatest common divisor of q and 21.
7
Let o = -10 - -19. What is the highest common divisor of o and 90?
9
Suppose -88 + 28 = -5*m. Calculate the highest common divisor of m and 24.
12
Let m = -104 - -176. Suppose 50 - 2 = 2*l. Calculate the highest common factor of l and m.
24
Let r be -1 + (14*-1)/(-2). Let d(y) be the third derivative of -y**4/24 + 11*y**3/6 - y**2. Let z be d(r). What is the highest common divisor of 10 and z?
5
Let y be 4/10 + 496/10. Let d(s) = 5*s + 5. Let n be d(7). Let b be (32/n)/((-4)/(-50)). Calculate the greatest common divisor of y and b.
10
Suppose 2*j = 3*j - 1, -3*j = 4*w - 663. What is the highest common divisor of 15 and w?
15
Suppose -n = -0*n - 35. Suppose -83 = -3*f + 103. Suppose 0*q = -3*a + 5*q + f, 0 = -4*a - 4*q + 40. Calculate the highest common divisor of n and a.
7
Suppose 2*h + 40 = 5*i, -73 = -5*h - 3*i - 204. Let z = -12 - h. Let a = 37 - z. Calculate the greatest common factor of a and 6.
6
Suppose 4 = 5*x - 2*o, 2*x + 5 = -3*x + 5*o. Suppose 2*q - 2*r = x, 3*r = -4*q - q + 29. Calculate the highest common factor of 2 and q.
2
Let y(f) = -f**3 + 6*f**2 - f - 3. Let t be y(5). Suppose -4*h + 2*m + 715 = 229, 2*m = -5*h + 585. What is the highest common divisor of t and h?
17
Let r(j) = -20*j**3 - 2*j**2 + 1. Let b(c) = -c**2 + 10*c - 1. Let x be b(10). Let v be r(x). What is the highest common factor of v and 57?
19
Suppose 40 = -r + 5*r. Suppose 0 = x - 5*x + 120. What is the greatest common factor of x and r?
10
Suppose 4*i - 4 = 8. Suppose x - 22 = -4*j, x - 15 = -i*j + 4. What is the greatest common factor of x and 5?
5
Let c be 2312/24 + (-1)/3. Suppose 7*s + c = 11*s. Calculate the highest common divisor of 36 and s.
12
Suppose -6*l = -2*l - 8. Let w be l/(-12) - 65/(-30). Suppose -w*o - 2*o + 4*x + 80 = 0, 114 = 5*o + 2*x. Calculate the greatest common factor of o and 154.
22
Let u(o) = 47*o - 1. Let i be u(3). Calculate the greatest common divisor of i and 56.
28
Suppose -l + 2*g = -17, 4*g = l - 0*l - 27. Let w be 141/3 + 2 - 0. What is the greatest common factor of l and w?
7
Suppose 2*q - 49 = -4*h - 3*q, -2*q + 57 = 5*h. Suppose -u + 3*p + 112 = 0, -3*u - 5*p = -0*u - 378. Calculate the greatest common divisor of h and u.
11
Let s(p) = 5*p - 3. Let a be s(-8). Let y = 99 + a. What is the greatest common factor of y and 14?
14
Let k be -22*-1*1/2. Let h(s) = -7*s + 2. Let y be h(-6). Calculate the highest common divisor of k and y.
11
Suppose -3*s - 3*g + 165 = 0, s - 80 = g + 3*g. Suppose -5*v + s = -2*v. Calculate the greatest common factor of 8 and v.
4
Suppose 2*n = -3*n + 4*f + 20, -5*n = 4*f - 20. Suppose x + 56 = 4*m + 4*x, -3*m + n*x = -42. What is the highest common divisor of m and 21?
7
Let t be 2/4 + 285/6. Let z(j) = -j**2 + 17*j - 22. Let y(g) = 4*g - 1. Let a be y(4). Let h be z(a). What is the greatest common factor of t and h?
8
Suppose 2*x + 24 = 3*x. What is the highest common divisor of x and 36?
12
Let o = 0 - -3. Suppose -d - 16 = 4*f, -3*d = 4*f + 5 + o. Suppose -10 = -0*a - 2*a - g, 3*a - 4*g = 26. What is the highest common divisor of d and a?
2
Let v = 50 + -40. Let s(b) = b**3 - 3*b**2 + b + 2. Let f be s(3). Suppose f*n - 189 = 61. Calculate the greatest common divisor of n and v.
10
Let m be 10/15 - (-64)/3. Let u be m/(0 + 6/3). Calculate the highest common factor of u and 1.
1
Let y = -105 - -233. Calculate the greatest common factor of y and 16.
16
Let d be 1*(-3)/(-1 + -2). Let l be 5 + -2 + (0 - -1). Suppose -4*t = -l*z + 32, -2*z - 3 = 4*t - 1. Calculate the greatest common divisor of d and z.
1
Let t(y) = -2*y**3 - 8*y**2 - y + 4. Let g be t(-6). What is the greatest common divisor of g and 22?
22
Suppose -17 = -2*h + 13. What is the highest common divisor of 10 and h?
5
Let z = 11 - -17. Calculate the highest common factor of 28 and z.
28
Let u(g) = -g**3 + 10*g**2 - 3*g + 6. Let d be u(8). What is the greatest common factor of d and 10?
10
Let x(p) = -4*p**3 - 2*p**2 - p + 3. Let b be x(-3). Let o be 1*-2 + 13 + 1. Calculate the greatest common divisor of b and o.
12
Let l = -16 + 36. Suppose -5*q + 135 = -15. What is the greatest common factor of q and l?
10
Let t = -18 - -6. Suppose 2*u - 4*f - 44 = 0, 0*f + 76 = 4*u - 2*f. Let h be ((-44)/6)/(t/u). Calculate the greatest common factor of 1 and h.
1
Let m(o) = -o**2 + 7*o. Let y be m(6). Calculate the greatest common factor of 24 and y.
6
Let w be 4 - 1 - (-1 + 2). Suppose 0 = 5*b - 5*l, -2*b - 2*b = -5*l + 5. What is the greatest common divisor of w and b?
1
Let q be (-10792)/(-16) + (-1)/(-2). Suppose -s = 4*s - q. What is the highest common factor of 15 and s?
15
Suppose 29 = q - 173. Let w = -118 + q. Suppose -4*u - 8 = 8, -u - 40 = -3*d. Calculate the highest common divisor of w and d.
12
Let u(d) = 212*d**3 + d - 1. Let j be u(1). What is the highest common factor of 53 and j?
53
Let v = 55 + -23. What is the highest common factor of 8 and v?
8
Suppose 4*a + 0*a + 3*g + 25 = 0, g - 1 = 0. Let x = -3 - a. Suppose -9 - 40 = -m - 5*d, x*d = -4*m + 244. What is the greatest common factor of 8 and m?
8
Suppose 2*c = 7*f - 2*f - 27, -3*c = 4*f - 17. Suppose -17 + 2 = -f*t. Suppose t*u - 3 - 21 = 0. What is the greatest common factor of 4 and u?
4
Let f(x) = -5*x. Let p be f(2). Let k be (-216)/p + (-8)/(-20). Calculate the highest common factor of k and 33.
11
Let u = 45 + -40. Let b be (-148)/(-8) - (-1)/2. Let q = -9 + b. Calculate the greatest common divisor of u and q.
5
Let g(s) = 5*s + 9. Let m be g(7). Calculate the highest common divisor of m and 11.
11
Suppose d - 85 = 35. Calculate the greatest common factor of d and 20.
20
Let t be (-4)/(-3 + 68/24). Let a(r) = -25*r - 1. Let s be a(-1). Suppose -4*k + 8*k - s = 0. What is the greatest common factor of k and t?
6
Suppose 0*a = -3*a - w + 133, 2*w + 10 = 0. Let i be 1218/98 + 8/14. Let o(c) = c**2 - 3*c - 15. Let u be o(i). Calculate the greatest common factor of a and u.
23
Let f be (-8)/4*(-1)/(-2). Let n(v) = -8*v**3 + v**2 + 2*v + 1. Let u be n(f). What is the highest common divisor of 8 and u?
8
Let x = -11 - -24. Let o be (-4)/22 - 360/(-44). Suppose 0 = o*t - 4*t - 208. What is the highest common divisor of x and t?
13
Let s be (-1 - -2)*3 + 557. Suppose 3*r - 8*r = -s. Calculate the greatest common factor of r and 16.
16
Let f = -33 - -66. What is the greatest common factor of f and 2